{"id":905,"date":"2019-04-27T17:20:09","date_gmt":"2019-04-27T16:20:09","guid":{"rendered":"https:\/\/xn--schtzengesellschaft-marktzeuln-6ed.de\/?page_id=905"},"modified":"2019-07-03T11:27:30","modified_gmt":"2019-07-03T10:27:30","slug":"ergebnisse-2019","status":"publish","type":"page","link":"https:\/\/xn--schtzengesellschaft-marktzeuln-6ed.de\/?page_id=905","title":{"rendered":"Ergebnisse 2019"},"content":{"rendered":"\n<h2 class=\"wp-block-heading\" style=\"text-align:center\"> <br><strong>Achtung!<\/strong> Wir bitten  alle Vereine darum uns bis sp\u00e4testens 15.07.19 ihre Kontodaten \u00fcber unser Kontaktformular mitzuteilen, damit wir das Preisgeld \u00fcberweisen k\u00f6nnen. <\/h2>\n\n\n\n<p style=\"text-align:center\" class=\"has-large-font-size\">Die Ergbnisse sind <br><br><a href=\"https:\/\/xn--schtzengesellschaft-marktzeuln-6ed.de\/wp-content\/uploads\/2019\/07\/Ergebnisheft-2019.pdf\">&gt;&gt;HIER&lt;&lt;<\/a><br><br> zu finden.<\/p>\n\n\n\n<p><\/p>\n","protected":false},"excerpt":{"rendered":"<p>Achtung! Wir bitten alle Vereine darum uns bis sp\u00e4testens 15.07.19 ihre Kontodaten \u00fcber unser Kontaktformular mitzuteilen, damit wir das Preisgeld \u00fcberweisen k\u00f6nnen. Die Ergbnisse sind &gt;&gt;HIER&lt;&lt; zu finden.<\/p>\n","protected":false},"author":1,"featured_media":0,"parent":0,"menu_order":0,"comment_status":"closed","ping_status":"closed","template":"onecolumn-page.php","meta":{"footnotes":""},"class_list":["post-905","page","type-page","status-publish","hentry"],"_links":{"self":[{"href":"https:\/\/xn--schtzengesellschaft-marktzeuln-6ed.de\/index.php?rest_route=\/wp\/v2\/pages\/905","targetHints":{"allow":["GET"]}}],"collection":[{"href":"https:\/\/xn--schtzengesellschaft-marktzeuln-6ed.de\/index.php?rest_route=\/wp\/v2\/pages"}],"about":[{"href":"https:\/\/xn--schtzengesellschaft-marktzeuln-6ed.de\/index.php?rest_route=\/wp\/v2\/types\/page"}],"author":[{"embeddable":true,"href":"https:\/\/xn--schtzengesellschaft-marktzeuln-6ed.de\/index.php?rest_route=\/wp\/v2\/users\/1"}],"replies":[{"embeddable":true,"href":"https:\/\/xn--schtzengesellschaft-marktzeuln-6ed.de\/index.php?rest_route=%2Fwp%2Fv2%2Fcomments&post=905"}],"version-history":[{"count":8,"href":"https:\/\/xn--schtzengesellschaft-marktzeuln-6ed.de\/index.php?rest_route=\/wp\/v2\/pages\/905\/revisions"}],"predecessor-version":[{"id":953,"href":"https:\/\/xn--schtzengesellschaft-marktzeuln-6ed.de\/index.php?rest_route=\/wp\/v2\/pages\/905\/revisions\/953"}],"wp:attachment":[{"href":"https:\/\/xn--schtzengesellschaft-marktzeuln-6ed.de\/index.php?rest_route=%2Fwp%2Fv2%2Fmedia&parent=905"}],"curies":[{"name":"wp","href":"https:\/\/api.w.org\/{rel}","templated":true}]}}